 - 4. Let q = -7 + 3. Let f(k) = 10*k + 3. Let v(n) = 29*n + 8. Let o(l) = q*v(l) + 11*f(l). Calculate o(w).
7
Suppose 5*t = -f + 39, f = 2*t - t - 3. Let c(m) = m**3 - 6*m**2 - 9*m + 2. Calculate c(t).
-12
Let z(w) be the second derivative of -w**5/20 + w**4/6 + w**3/3 + 2*w**2 + 2*w. Let k = -3 - -6. Give z(k).
1
Suppose -7*q = -4*q. Let g(p) = -p + 1. Calculate g(q).
1
Let x(r) = -4*r + 3*r + 12 + 0*r. Let f be x(9). Let c be 84/35 - f/(-5). Let q(t) = -t**3 + 3*t**2 + 2*t. Calculate q(c).
6
Suppose 25 = -2*w - 5*b, 5*w - 5 = -0*w + b. Let i(s) be the third derivative of w*s + 0*s**5 + 0*s**3 - s**2 + 1/24*s**4 + 0 - 1/24*s**6. Calculate i(1).
-4
Let a(c) = -c**3 + 3*c**2 - 2*c + 2. Let h = -4 - -6. Let t be a(h). Let f(b) = -b**2 - 5*b + 2*b - b**t. What is f(-3)?
-9
Let x(n) = 3*n**2 + 2*n + 1. Let o(z) = -z**3 - 6*z**2 - z - 8. Let w be o(-6). Give x(w).
9
Let h(w) be the third derivative of 13/6*w**3 + 0*w + 5*w**2 + 0 - 1/24*w**4. Calculate h(0).
13
Let o(s) = s**2 + 6*s + 4. Let f(p) = -p**2 + 19*p + 37. Let v be f(21). What is o(v)?
-1
Let w be 45/12 + 9/(-12). Let p(r) be the second derivative of 1/6*r**w - r + 0 - r**2. Calculate p(-5).
-7
Suppose 4*u - 20 = 0, -4*i + 7 = 3*u - 4. Let v(m) = 3*m + 1. Let r(q) = 7*q + 2. Let z(k) = -4*r(k) + 9*v(k). Calculate z(i).
2
Let z(b) = b. Suppose 0*w + 9 = 3*w. Let m be 40/(-6) + 2/w. Give z(m).
-6
Suppose j - 5*j = -4. Let u = -6 + j. Let h(q) = -2*q**2 - 3*q + 21. Let g(p) = -p**2 - 2*p + 10. Let m(k) = 7*g(k) - 3*h(k). Give m(u).
7
Let y = 40 + -38. Let n(q) = 4*q**2 + q - 2. Give n(y).
16
Suppose 0 = -4*z, 3*u - u - 3*z + 6 = 0. Suppose -39 = -5*k - 14. Let b = u + k. Let h(j) = -2*j**2 + 2*j. Determine h(b).
-4
Let o(c) be the second derivative of c**8/6720 + c**7/1260 + c**6/720 - c**5/60 - c**4/4 + 3*c. Let b(x) be the third derivative of o(x). Determine b(-2).
-4
Let k(i) = -9*i**2 - 2*i - 1. Let o(y) = y**2 + 5*y - 15. Let m be o(2). Give k(m).
-8
Let y(q) = q. Let x = -41 + 42. Determine y(x).
1
Let v(x) = x + 0 - x**3 + x**3 - 2 + x**2 + x**3. Calculate v(-2).
-8
Let q(b) = -2*b - 9*b**3 - b**3 + 8*b**3 - 7*b**2 + 3*b**3 + 2. What is q(7)?
-12
Let y(l) = -5*l + 1. Let i be 10/(-6) - (-30)/45. Give y(i).
6
Let w(c) = c - 1. Let d(i) be the first derivative of i**3/3 - 5*i**2/2 + 8*i - 1. Let k be (1/2)/(3/(-6)). Let f(h) = k*d(h) - 4*w(h). Calculate f(0).
-4
Let b(j) = -j**2 - 4*j - 2. Suppose 5 = -2*i - 4*v - 11, 0 = 5*i - 2*v - 20. Let l = 1 + i. Suppose t + 5 = -l*m + 1, -m - 6 = -2*t. What is b(m)?
2
Let v(n) = 13*n + 3. Let j(r) = -7*r - 2. Let k(d) = 5*j(d) + 3*v(d). Give k(5).
19
Suppose 2*o = 3*u - 0 - 8, -5*u = -5*o - 20. Let p(a) be the third derivative of 0 + u*a - 1/120*a**6 + 1/2*a**3 - 5/24*a**4 - 2*a**2 + 1/10*a**5. Give p(5).
3
Let t be -1 - (2 - -2)*1. Let w(i) = i - 4. Let g be w(7). Let v(f) = -2*f**3 + 2*f**g - 4 + f**3 - 3*f**2 - 7*f + 7*f**2. What is v(t)?
6
Let p(a) = 0 - 7 - 258*a + 253*a + 1 + 4. Suppose -2*y = -2*x + 6, -4*x = -5*y - 2*x. Give p(y).
-12
Let y(d) = 7*d**3 + d**2 - 1. Let k be 2*(14/4 + -2). Suppose k*p - 7*p = -20. Suppose -2*g = -p*g + 3. Calculate y(g).
7
Let s(g) = -g**2 + 8*g - 7. Let r be (-58)/(-8) - (-12)/(-48). Calculate s(r).
0
Let i be -1 + (-4)/(12/(-9)). Let l(h) = -5*h + 1. Give l(i).
-9
Let s(l) = l - 1. Let o = -5 - -5. Suppose o*f + 5*z - 35 = 3*f, -4 = -z. Give s(f).
-6
Let f(w) = -3*w**3 + w**2 + 1. Let p(h) = h + 8. Let c be p(-6). Determine f(c).
-19
Let a(v) = v**2 - 3*v - 4. Let i(b) = b**2 + 3*b - 2. Let g be i(-3). Let t be (54/(-12))/(1/g). Let f(o) = -o**2 + 10*o - 5. Let d be f(t). Calculate a(d).
0
Let n(p) = -18*p**2 - 19*p**2 + 3 - p + 38*p**2 + p**3. What is n(0)?
3
Let k(f) = -f**2 + 3*f + 3. Let a(s) = s**3 - 6*s**2 - 5*s - 16. Let w be a(7). Determine k(w).
-7
Let d(r) = -r**2 - 10*r + 13. Let v = 1 - 12. What is d(v)?
2
Let g = 0 - 1. Let d(f) = f + 9*f**3 + f**3 - 6*f**3 + 1. Give d(g).
-4
Let m = -120 - -120. Let y(g) = g**3 + g**2 - g - 15. Let f(h) = -2*h**3 - 3*h**2 + 3*h + 31. Let o(d) = -2*f(d) - 5*y(d). Calculate o(m).
13
Let a(u) = -4*u**2 + 3*u + 4*u**2 + u**2. Give a(-4).
4
Suppose -3*m - 2 = -8. Suppose 2*k + 10 = 2*h, 5*h + 2 = -m*k + 3*h. Let q(x) = -2 - x + 0*x**2 + 0*x**2 - x**2. Calculate q(k).
-8
Let l(z) = z**3 + 5*z**2 - 6*z + 2. Let o be (4 - 3)/(1/(-6)). Calculate l(o).
2
Let d(w) = w**2 + 1. Let j(p) = -12*p**2 + p - 6. Let v(f) = -6*d(f) - j(f). Give v(2).
22
Suppose -3*x - 4 = h, -15 + 55 = 5*h - 5*x. Let o(i) = -3 - 4*i + 4 + 3*i + 1. Determine o(h).
-3
Let c be 12/30 + (-98)/(-5). Suppose 7*j = 2*j + c. Let s = 2 - j. Let y(z) = z**2 + z + 1. Determine y(s).
3
Let i(g) = 4*g - 7. Let z(s) = s. Suppose -5*c = 44 + 26. Let k = 9 + c. Let q(n) = k*z(n) + i(n). Determine q(-4).
-3
Let g(t) = -t + 6. Let k(l) = -1. Let p(q) = g(q) + 2*k(q). What is p(-4)?
8
Let z(w) = 6*w + 3. Let p(o) = 5*o + 2. Let f(u) = -u**3 - 3*u**2 - 2*u - 1. Let h be f(-3). Let g(r) = h*p(r) - 4*z(r). Let q = 37 - 42. Give g(q).
-7
Let i(f) = f**2 - 7*f + 9. Let j(a) be the first derivative of -a**3/3 + 2*a**2 - 3*a - 1. Let v be j(3). Let c(o) = -o**3 + 6. Let k be c(v). Determine i(k).
3
Let g(x) be the second derivative of -x**5/4 + x**4/12 - 5*x**3/2 + 19*x**2/2 + x. Let u(i) = 3*i**3 - i**2 + 8*i - 10. Let z(b) = 4*g(b) + 7*u(b). Give z(4).
6
Let w = 19 + -13. Let z(a) = a**3 - 6*a**2 - a - 3. Determine z(w).
-9
Suppose 6 = l + 2. Let t be (-3 + 16/6)*-9. Let v(o) = -t - 2 + 4 - 2*o + o. Calculate v(l).
-5
Suppose 0*c = -c + 1. Let m be (-4 + 3)/(-1) + c. Let i(u) be the second derivative of -u**4/12 + u**3/3 - 3*u**2/2 + 3*u. What is i(m)?
-3
Let r be (9/4)/(-3)*-4. Suppose r*u + u = -16. Let i(o) = 2*o + 0 + 0 - o. Calculate i(u).
-4
Let q(b) = -5*b - 2. Let a be -2 + 1 - (-2 - 1). Give q(a).
-12
Let o be 1 - (0 - (-20)/4). Let f(q) = q - 3. What is f(o)?
-7
Let p(l) = l**3 - 7*l**2 + 8*l - 9. Suppose 0 = -5*y + 4*y - 3*m + 7, 4*m = 0. Suppose -y*z + 24 = -3*z. Give p(z).
3
Let a(r) = 7*r - 20*r**2 + 17*r**2 - 3 - 2*r. Give a(3).
-15
Let g(o) = -o**3 - 4*o**2 - 2*o - 3. Let z = -2 + 7. Suppose h + z = -0. Let j be 1 + 1/(1/h). Calculate g(j).
5
Let f(u) = 8*u**3 + 1. Let o be f(1). Let l(z) = z - 3. What is l(o)?
6
Let d(w) = w**2 - 9*w + 5. Let c be 8/12 + (-76)/(-12). Calculate d(c).
-9
Let v(d) = d**2 - 3*d - 2. Suppose -1 = -4*m + 7. Suppose -m*j = 5*r - 20, 3*j + 11 = 4*j + 3*r. Calculate v(j).
8
Let k(j) = -3*j + 1. Let q be k(-1). Let s(b) = -b + 6 - 2 - 3 - q*b**3. What is s(1)?
-4
Let a(j) = 3*j**3 + 10*j**2 - 3. Let f(u) = -2*u**3 - 5*u**2 + 2. Let o(w) = 3*a(w) + 5*f(w). Determine o(5).
1
Let q(f) be the second derivative of f**3/6 + 7*f**2/2 + 4*f. Give q(0).
7
Suppose 0 = 11*t - 8*t + 21. Let c(q) = -5*q**3 - 10*q**2 + 9*q + 8. Let w(m) = 6*m**3 + 11*m**2 - 9*m - 8. Let b(o) = 5*c(o) + 4*w(o). Give b(t).
-6
Let h(o) = -o - 1. Suppose 40 = -19*g + 14*g. Let f(w) be the third derivative of w**6/120 + 7*w**5/60 - w**4/3 + w**3/3 + w**2. Let v be f(g). Determine h(v).
-3
Let l(g) = 3*g + 6*g - 6*g + 1 + 8*g. Calculate l(1).
12
Suppose -t - 7 = -5*u - 0*u, 9 = -4*t + u. Let a(i) be the second derivative of i**3/6 + i**2 + i. Determine a(t).
0
Suppose 0 = -d - 0*d + 2. Let p = 9 - 5. Suppose -k + d*u - 4 = 0, p*u - 2 = k + 2. Let v(s) = -s + 3. Give v(k).
7
Let g(p) = p**2 + 137 - 3*p + 2*p**2 - p**2 - 135. Determine g(3).
11
Let u(s) be the third derivative of s**5/60 + s**4/24 - 2*s**3/3 + s**2. What is u(0)?
-4
Let b(j) be the second derivative of j**5/20 + j**4/4 + j**3/6 + j**2 + 5*j. Calculate b(-3).
-1
Let t(j) be the first derivative of -j**2/2 + 9. Determine t(1).
-1
Suppose 2*g + g = 3*x - 15, 3*g + 3 = -x. Let l(u) = 3*u - 4*u + 1 - 3*u. Give l(x).
-11
Let o(f) be the second derivative of f**3/2 - 7*f**2/2 + 10*f. Determine o(6).
11
Suppose 2*c - 2 = 2. Suppose -c*y + 3*r = 2*y - 20, 2*y = -r. Let j(n) = -n**2 + n**2 + n**y - 1 - 1 - 3*n. Give j(4).
2
Let d(y) = -y - 4. Let k be d(0). Let f(b) = -b**3 - 3*b**2 + 3*b - 3. Let v be f(k). Let g(q) = -3*q**2 - q + 1. Give g(v).
-3
Let c(w) = -3*w + 2. Let h(t) = 4*t - 3. Let g(v) = 5*c(v) + 4*h(v). Calculate g(-4).
-6
Let r(i) = 1 + 0*i - i**2 + 0 + i. Let o be -2 + 2 + (0 - 3). Let t be 3 - o/(-4)*4. What is r(t)?
1
Let n(b) = -4*b*